{"id":906,"date":"2026-02-13T15:06:21","date_gmt":"2026-02-13T14:06:21","guid":{"rendered":"https:\/\/www.stratosgs.com\/?page_id=906"},"modified":"2026-02-26T08:51:43","modified_gmt":"2026-02-26T07:51:43","slug":"4yfn26-mwc26","status":"publish","type":"page","link":"https:\/\/www.stratosgs.com\/index.php\/4yfn26-mwc26\/","title":{"rendered":"Stratos GS en 4YFN26, MWC26"},"content":{"rendered":"\n<p><strong>Stratos GS ha sido seleccionada para formar parte de 4YFN (4 Years From Now) 2026<\/strong>, el evento internacional de referencia para startups, en el marco de MWC Barcelona.<\/p>\n\n\n\n<p>Del 2 al 5 de marzo, Barcelona se convierte en el epicentro mundial de la innovaci\u00f3n tecnol\u00f3gica, y estaremos all\u00ed para compartir nuestra visi\u00f3n, aprender del ecosistema global y mostrar el impacto real de la digitalizaci\u00f3n basada en datos geolocalizados.<\/p>\n\n\n\n<p>Vis\u00edtanos<strong>&nbsp;los d\u00edas 4 y 5 de marzo en el Stand 8.1C40.6B<\/strong>, donde compartiremos c\u00f3mo nuestras soluciones convierten los datos en conocimiento \u00fatil e impacto real, y mostraremos casos en los que la geolocalizaci\u00f3n transforma informaci\u00f3n compleja en decisiones claras y accionables.<\/p>\n\n\n\n<h2 class=\"wp-block-heading\">\u00bfQu\u00e9 podr\u00e1s encontrar?<\/h2>\n\n\n\n<p>Nuestra presencia en 4YFN representa una oportunidad clave para seguir construyendo relaciones estrat\u00e9gicas dentro del entorno tecnol\u00f3gico y para mostrar el potencial de&nbsp;<strong>aGIS<\/strong>, nuestro ecosistema de soluciones GIS que integra&nbsp;<strong>Inteligencia Artificial y monitorizaci\u00f3n IoT<\/strong>&nbsp;para distintos sectores:<\/p>\n\n\n\n<p><a href=\"https:\/\/agis-eu.stratosgs.com\/es\/suscriptions\/\" target=\"_blank\" rel=\"noreferrer noopener\"><\/a><\/p>\n\n\n\n<figure class=\"wp-block-image\"><a href=\"https:\/\/agis-eu.stratosgs.com\/es\/suscriptions\/\" target=\"_blank\" rel=\"noreferrer noopener\"><img decoding=\"async\" src=\"https:\/\/www.stratosgs.com\/wp-content\/uploads\/2025\/09\/TELCO.png\" alt=\"\"\/><\/a><\/figure>\n\n\n\n<h3 class=\"wp-block-heading\"><a href=\"https:\/\/agis-eu.stratosgs.com\/es\/suscriptions\/\" target=\"_blank\" rel=\"noreferrer noopener\">aGIS TELCO<\/a><\/h3>\n\n\n\n<p><a href=\"https:\/\/agis-eu.stratosgs.com\/es\/suscriptions\/\" target=\"_blank\" rel=\"noreferrer noopener\">Planificaci\u00f3n, despliegue y operaci\u00f3n de redes de telecomunicaciones.<\/a><\/p>\n\n\n\n<p><a href=\"https:\/\/agis-agro.stratosgs.com\/es\/register\/\" target=\"_blank\" rel=\"noreferrer noopener\"><\/a><\/p>\n\n\n\n<figure class=\"wp-block-image\"><a href=\"https:\/\/agis-agro.stratosgs.com\/es\/register\/\" target=\"_blank\" rel=\"noreferrer noopener\"><img decoding=\"async\" src=\"https:\/\/www.stratosgs.com\/wp-content\/uploads\/2025\/09\/AGRO.png\" alt=\"\"\/><\/a><\/figure>\n\n\n\n<h3 class=\"wp-block-heading\"><a href=\"https:\/\/agis-agro.stratosgs.com\/es\/register\/\" target=\"_blank\" rel=\"noreferrer noopener\">aGIS AGRO<\/a><\/h3>\n\n\n\n<p><a href=\"https:\/\/agis-agro.stratosgs.com\/es\/register\/\" target=\"_blank\" rel=\"noreferrer noopener\">Gesti\u00f3n de fincas, cultivos y<br>trazabilidad agr\u00edcola.<\/a><\/p>\n\n\n\n<p><a href=\"https:\/\/agis-sphere.stratosgs.com\/es\/login\/\" target=\"_blank\" rel=\"noreferrer noopener\"><\/a><\/p>\n\n\n\n<figure class=\"wp-block-image\"><a href=\"https:\/\/agis-sphere.stratosgs.com\/es\/login\/\" target=\"_blank\" rel=\"noreferrer noopener\"><img decoding=\"async\" src=\"https:\/\/www.stratosgs.com\/wp-content\/uploads\/2025\/09\/SPHERE.png\" alt=\"\"\/><\/a><\/figure>\n\n\n\n<h3 class=\"wp-block-heading\"><a href=\"https:\/\/agis-sphere.stratosgs.com\/es\/login\/\" target=\"_blank\" rel=\"noreferrer noopener\">aGIS SPHERE<\/a><\/h3>\n\n\n\n<p><a href=\"https:\/\/agis-sphere.stratosgs.com\/es\/login\/\" target=\"_blank\" rel=\"noreferrer noopener\">Digitalizaci\u00f3n de activos urbanos para SmartCities y monitorizaci\u00f3n IoT.<\/a><\/p>\n\n\n\n<p><a href=\"https:\/\/www.stratosgs.com\/index.php\/contacto\/\"><\/a><\/p>\n\n\n\n<h3 class=\"wp-block-heading\"><a href=\"https:\/\/www.stratosgs.com\/index.php\/contacto\/\">\u00bfQuieres un GIS<br>a tu medida?<\/a><\/h3>\n\n\n\n<h2 class=\"wp-block-heading\">INTELIGENCIA ARTIFICIAL<\/h2>\n\n\n\n<p>Gracias a nuestro i+D, hemos conseguido aplicar Inteligencia Artificial en diferentes niveles a nuestros desarrollos, en especial a las plataformas aGIS. Convirti\u00e9ndose en el Gemelo Digital de cualquier tipo de negocio y posibilitando, entre otras ventajas:<\/p>\n\n\n\n<ul class=\"wp-block-list\">\n<li>Automatizaci\u00f3n del dise\u00f1o<\/li>\n\n\n\n<li>Optimizaci\u00f3n de recursos<\/li>\n\n\n\n<li>Mantenimiento preventivo<\/li>\n\n\n\n<li>Predicciones<\/li>\n<\/ul>\n\n\n\n<h2 class=\"wp-block-heading\">\u00bfConcertamos una reuni\u00f3n?<\/h2>\n\n\n\n<p>Podr\u00e1s encontrarnos los d\u00edas 4 y 5 de marzo en el Stand 8.1C40.6B, ubicado en el Hall 8,&nbsp;Pabell\u00f3n de Espa\u00f1a.&nbsp;Aunque estaremos disponibles desde el 2 al 5 de Marzo en MWC26 para concertar una reuni\u00f3n.<\/p>\n\n\n\n<p>\u00a1Cont\u00e1ctanos y agendemos una reuni\u00f3n!<\/p>\n","protected":false},"excerpt":{"rendered":"<p>Stratos GS ha sido seleccionada para formar parte de 4YFN (4 Years From Now) 2026, el evento internacional de referencia para startups, en el marco de<span class=\"excerpt-hellip\"> [\u2026]<\/span><\/p>\n","protected":false},"author":1,"featured_media":919,"parent":0,"menu_order":0,"comment_status":"closed","ping_status":"closed","template":"","meta":{"footnotes":""},"class_list":["post-906","page","type-page","status-publish","has-post-thumbnail","hentry"],"yoast_head":"<!-- This site is optimized with the Yoast SEO plugin v26.9 - https:\/\/yoast.com\/product\/yoast-seo-wordpress\/ -->\n<title>Stratos GS en 4YFN26, MWC26 &#8226; Stratos GS<\/title>\n<meta name=\"description\" content=\"Stratos GS en 4YFN26, MWC26 &#8226; Stratos GS Stratos GS ha sido seleccionada para formar parte de 4YFN (4 Years From Now) 2026, el evento internacional de referencia para startups, en el marco de MWC Barcelona.\" \/>\n<meta name=\"robots\" content=\"index, follow, max-snippet:-1, max-image-preview:large, max-video-preview:-1\" \/>\n<link rel=\"canonical\" href=\"https:\/\/www.stratosgs.com\/index.php\/4yfn26-mwc26\/\" \/>\n<meta property=\"og:locale\" content=\"es_ES\" \/>\n<meta property=\"og:type\" content=\"article\" \/>\n<meta property=\"og:title\" content=\"Stratos GS en 4YFN26, MWC26 &#8226; Stratos GS\" \/>\n<meta property=\"og:description\" content=\"Stratos GS en 4YFN26, MWC26 &#8226; Stratos GS Stratos GS ha sido seleccionada para formar parte de 4YFN (4 Years From Now) 2026, el evento internacional de referencia para startups, en el marco de MWC Barcelona.\" \/>\n<meta property=\"og:url\" content=\"https:\/\/www.stratosgs.com\/index.php\/4yfn26-mwc26\/\" \/>\n<meta property=\"og:site_name\" content=\"Stratos GS\" \/>\n<meta property=\"article:publisher\" content=\"https:\/\/www.facebook.com\/stratosglobalsolutions\" \/>\n<meta property=\"article:modified_time\" content=\"2026-02-26T07:51:43+00:00\" \/>\n<meta property=\"og:image\" content=\"https:\/\/www.stratosgs.com\/wp-content\/uploads\/2026\/02\/portada.png\" \/>\n\t<meta property=\"og:image:width\" content=\"1920\" \/>\n\t<meta property=\"og:image:height\" content=\"1000\" \/>\n\t<meta property=\"og:image:type\" content=\"image\/png\" \/>\n<meta name=\"twitter:card\" content=\"summary_large_image\" \/>\n<meta name=\"twitter:site\" content=\"@StratosGS_\" \/>\n<meta name=\"twitter:label1\" content=\"Tiempo de lectura\" \/>\n\t<meta name=\"twitter:data1\" content=\"3 minutos\" \/>\n<script type=\"application\/ld+json\" class=\"yoast-schema-graph\">{\"@context\":\"https:\/\/schema.org\",\"@graph\":[{\"@type\":\"WebPage\",\"@id\":\"https:\/\/www.stratosgs.com\/index.php\/4yfn26-mwc26\/\",\"url\":\"https:\/\/www.stratosgs.com\/index.php\/4yfn26-mwc26\/\",\"name\":\"Stratos GS en 4YFN26, MWC26 &#8226; Stratos GS\",\"isPartOf\":{\"@id\":\"https:\/\/www.stratosgs.com\/#website\"},\"primaryImageOfPage\":{\"@id\":\"https:\/\/www.stratosgs.com\/index.php\/4yfn26-mwc26\/#primaryimage\"},\"image\":{\"@id\":\"https:\/\/www.stratosgs.com\/index.php\/4yfn26-mwc26\/#primaryimage\"},\"thumbnailUrl\":\"https:\/\/www.stratosgs.com\/wp-content\/uploads\/2026\/02\/portada.png\",\"datePublished\":\"2026-02-13T14:06:21+00:00\",\"dateModified\":\"2026-02-26T07:51:43+00:00\",\"description\":\"Stratos GS en 4YFN26, MWC26 &#8226; Stratos GS Stratos GS ha sido seleccionada para formar parte de 4YFN (4 Years From Now) 2026, el evento internacional de referencia para startups, en el marco de MWC Barcelona.\",\"breadcrumb\":{\"@id\":\"https:\/\/www.stratosgs.com\/index.php\/4yfn26-mwc26\/#breadcrumb\"},\"inLanguage\":\"es\",\"potentialAction\":[{\"@type\":\"ReadAction\",\"target\":[\"https:\/\/www.stratosgs.com\/index.php\/4yfn26-mwc26\/\"]}]},{\"@type\":\"ImageObject\",\"inLanguage\":\"es\",\"@id\":\"https:\/\/www.stratosgs.com\/index.php\/4yfn26-mwc26\/#primaryimage\",\"url\":\"https:\/\/www.stratosgs.com\/wp-content\/uploads\/2026\/02\/portada.png\",\"contentUrl\":\"https:\/\/www.stratosgs.com\/wp-content\/uploads\/2026\/02\/portada.png\",\"width\":1920,\"height\":1000},{\"@type\":\"BreadcrumbList\",\"@id\":\"https:\/\/www.stratosgs.com\/index.php\/4yfn26-mwc26\/#breadcrumb\",\"itemListElement\":[{\"@type\":\"ListItem\",\"position\":1,\"name\":\"Stratos GS\",\"item\":\"https:\/\/www.stratosgs.com\/\"},{\"@type\":\"ListItem\",\"position\":2,\"name\":\"Stratos GS en 4YFN26, MWC26\"}]},{\"@type\":\"WebSite\",\"@id\":\"https:\/\/www.stratosgs.com\/#website\",\"url\":\"https:\/\/www.stratosgs.com\/\",\"name\":\"Stratos GS\",\"description\":\"Soluciones GIS, IA y Location Intelligence\",\"publisher\":{\"@id\":\"https:\/\/www.stratosgs.com\/#organization\"},\"alternateName\":\"Stratos\",\"potentialAction\":[{\"@type\":\"SearchAction\",\"target\":{\"@type\":\"EntryPoint\",\"urlTemplate\":\"https:\/\/www.stratosgs.com\/?s={search_term_string}\"},\"query-input\":{\"@type\":\"PropertyValueSpecification\",\"valueRequired\":true,\"valueName\":\"search_term_string\"}}],\"inLanguage\":\"es\"},{\"@type\":\"Organization\",\"@id\":\"https:\/\/www.stratosgs.com\/#organization\",\"name\":\"Stratos GS\",\"alternateName\":\"Stratos Global Solutions\",\"url\":\"https:\/\/www.stratosgs.com\/\",\"logo\":{\"@type\":\"ImageObject\",\"inLanguage\":\"es\",\"@id\":\"https:\/\/www.stratosgs.com\/#\/schema\/logo\/image\/\",\"url\":\"https:\/\/www.stratosgs.com\/wp-content\/uploads\/2023\/10\/00_PORTADA-Redes-Whatsapp.png\",\"contentUrl\":\"https:\/\/www.stratosgs.com\/wp-content\/uploads\/2023\/10\/00_PORTADA-Redes-Whatsapp.png\",\"width\":2000,\"height\":2000,\"caption\":\"Stratos GS\"},\"image\":{\"@id\":\"https:\/\/www.stratosgs.com\/#\/schema\/logo\/image\/\"},\"sameAs\":[\"https:\/\/www.facebook.com\/stratosglobalsolutions\",\"https:\/\/x.com\/StratosGS_\",\"https:\/\/www.linkedin.com\/company\/stratosglobalsolutions\/\",\"https:\/\/www.youtube.com\/@stratosglobalsolutions\",\"https:\/\/www.instagram.com\/stratosgs_\/\"]}]}<\/script>\n<!-- \/ Yoast SEO plugin. -->","yoast_head_json":{"title":"Stratos GS en 4YFN26, MWC26 &#8226; Stratos GS","description":"Stratos GS en 4YFN26, MWC26 &#8226; Stratos GS Stratos GS ha sido seleccionada para formar parte de 4YFN (4 Years From Now) 2026, el evento internacional de referencia para startups, en el marco de MWC Barcelona.","robots":{"index":"index","follow":"follow","max-snippet":"max-snippet:-1","max-image-preview":"max-image-preview:large","max-video-preview":"max-video-preview:-1"},"canonical":"https:\/\/www.stratosgs.com\/index.php\/4yfn26-mwc26\/","og_locale":"es_ES","og_type":"article","og_title":"Stratos GS en 4YFN26, MWC26 &#8226; Stratos GS","og_description":"Stratos GS en 4YFN26, MWC26 &#8226; Stratos GS Stratos GS ha sido seleccionada para formar parte de 4YFN (4 Years From Now) 2026, el evento internacional de referencia para startups, en el marco de MWC Barcelona.","og_url":"https:\/\/www.stratosgs.com\/index.php\/4yfn26-mwc26\/","og_site_name":"Stratos GS","article_publisher":"https:\/\/www.facebook.com\/stratosglobalsolutions","article_modified_time":"2026-02-26T07:51:43+00:00","og_image":[{"width":1920,"height":1000,"url":"https:\/\/www.stratosgs.com\/wp-content\/uploads\/2026\/02\/portada.png","type":"image\/png"}],"twitter_card":"summary_large_image","twitter_site":"@StratosGS_","twitter_misc":{"Tiempo de lectura":"3 minutos"},"schema":{"@context":"https:\/\/schema.org","@graph":[{"@type":"WebPage","@id":"https:\/\/www.stratosgs.com\/index.php\/4yfn26-mwc26\/","url":"https:\/\/www.stratosgs.com\/index.php\/4yfn26-mwc26\/","name":"Stratos GS en 4YFN26, MWC26 &#8226; Stratos GS","isPartOf":{"@id":"https:\/\/www.stratosgs.com\/#website"},"primaryImageOfPage":{"@id":"https:\/\/www.stratosgs.com\/index.php\/4yfn26-mwc26\/#primaryimage"},"image":{"@id":"https:\/\/www.stratosgs.com\/index.php\/4yfn26-mwc26\/#primaryimage"},"thumbnailUrl":"https:\/\/www.stratosgs.com\/wp-content\/uploads\/2026\/02\/portada.png","datePublished":"2026-02-13T14:06:21+00:00","dateModified":"2026-02-26T07:51:43+00:00","description":"Stratos GS en 4YFN26, MWC26 &#8226; Stratos GS Stratos GS ha sido seleccionada para formar parte de 4YFN (4 Years From Now) 2026, el evento internacional de referencia para startups, en el marco de MWC Barcelona.","breadcrumb":{"@id":"https:\/\/www.stratosgs.com\/index.php\/4yfn26-mwc26\/#breadcrumb"},"inLanguage":"es","potentialAction":[{"@type":"ReadAction","target":["https:\/\/www.stratosgs.com\/index.php\/4yfn26-mwc26\/"]}]},{"@type":"ImageObject","inLanguage":"es","@id":"https:\/\/www.stratosgs.com\/index.php\/4yfn26-mwc26\/#primaryimage","url":"https:\/\/www.stratosgs.com\/wp-content\/uploads\/2026\/02\/portada.png","contentUrl":"https:\/\/www.stratosgs.com\/wp-content\/uploads\/2026\/02\/portada.png","width":1920,"height":1000},{"@type":"BreadcrumbList","@id":"https:\/\/www.stratosgs.com\/index.php\/4yfn26-mwc26\/#breadcrumb","itemListElement":[{"@type":"ListItem","position":1,"name":"Stratos GS","item":"https:\/\/www.stratosgs.com\/"},{"@type":"ListItem","position":2,"name":"Stratos GS en 4YFN26, MWC26"}]},{"@type":"WebSite","@id":"https:\/\/www.stratosgs.com\/#website","url":"https:\/\/www.stratosgs.com\/","name":"Stratos GS","description":"Soluciones GIS, IA y Location Intelligence","publisher":{"@id":"https:\/\/www.stratosgs.com\/#organization"},"alternateName":"Stratos","potentialAction":[{"@type":"SearchAction","target":{"@type":"EntryPoint","urlTemplate":"https:\/\/www.stratosgs.com\/?s={search_term_string}"},"query-input":{"@type":"PropertyValueSpecification","valueRequired":true,"valueName":"search_term_string"}}],"inLanguage":"es"},{"@type":"Organization","@id":"https:\/\/www.stratosgs.com\/#organization","name":"Stratos GS","alternateName":"Stratos Global Solutions","url":"https:\/\/www.stratosgs.com\/","logo":{"@type":"ImageObject","inLanguage":"es","@id":"https:\/\/www.stratosgs.com\/#\/schema\/logo\/image\/","url":"https:\/\/www.stratosgs.com\/wp-content\/uploads\/2023\/10\/00_PORTADA-Redes-Whatsapp.png","contentUrl":"https:\/\/www.stratosgs.com\/wp-content\/uploads\/2023\/10\/00_PORTADA-Redes-Whatsapp.png","width":2000,"height":2000,"caption":"Stratos GS"},"image":{"@id":"https:\/\/www.stratosgs.com\/#\/schema\/logo\/image\/"},"sameAs":["https:\/\/www.facebook.com\/stratosglobalsolutions","https:\/\/x.com\/StratosGS_","https:\/\/www.linkedin.com\/company\/stratosglobalsolutions\/","https:\/\/www.youtube.com\/@stratosglobalsolutions","https:\/\/www.instagram.com\/stratosgs_\/"]}]}},"_links":{"self":[{"href":"https:\/\/www.stratosgs.com\/index.php\/wp-json\/wp\/v2\/pages\/906","targetHints":{"allow":["GET"]}}],"collection":[{"href":"https:\/\/www.stratosgs.com\/index.php\/wp-json\/wp\/v2\/pages"}],"about":[{"href":"https:\/\/www.stratosgs.com\/index.php\/wp-json\/wp\/v2\/types\/page"}],"author":[{"embeddable":true,"href":"https:\/\/www.stratosgs.com\/index.php\/wp-json\/wp\/v2\/users\/1"}],"replies":[{"embeddable":true,"href":"https:\/\/www.stratosgs.com\/index.php\/wp-json\/wp\/v2\/comments?post=906"}],"version-history":[{"count":3,"href":"https:\/\/www.stratosgs.com\/index.php\/wp-json\/wp\/v2\/pages\/906\/revisions"}],"predecessor-version":[{"id":924,"href":"https:\/\/www.stratosgs.com\/index.php\/wp-json\/wp\/v2\/pages\/906\/revisions\/924"}],"wp:featuredmedia":[{"embeddable":true,"href":"https:\/\/www.stratosgs.com\/index.php\/wp-json\/wp\/v2\/media\/919"}],"wp:attachment":[{"href":"https:\/\/www.stratosgs.com\/index.php\/wp-json\/wp\/v2\/media?parent=906"}],"curies":[{"name":"wp","href":"https:\/\/api.w.org\/{rel}","templated":true}]}}